2 + 19*q + 38. Give o(i).
-22
Let b(v) = -696*v**2 - 10*v + 708*v**2 - v**3 - 3 - 7. Suppose 0*y + 5*h = y + 14, 0 = -3*y - 3*h + 48. Give b(y).
1
Let l(p) = -p**3 + 11*p**2 - 9*p + 5. Suppose 14 = -12*k + 14*k - 2*u, k - 2*u - 10 = 0. Suppose -2*g + 12 = -0*g - 2*x, -k*x + 16 = 0. Calculate l(g).
15
Let u(w) = -w + 2. Let f(v) = -6*v + 2. Let x be f(-1). Suppose x*m = 5 + 27. Suppose 6*s - 8*s - 8 = -j, -m*s - 16 = j. Give u(s).
6
Let b(p) be the second derivative of -2*p**3/3 + 11*p**2/2 - 572*p. Determine b(3).
-1
Suppose -29 = -12*j + 53 - 22. Let s(p) be the second derivative of -p**4/12 + 5*p**3/6 + 2*p**2 + 2*p. What is s(j)?
4
Let s(z) = -3*z - 54. Let h be s(-19). Let c(r) = r - 26. Let y(o) = -o + 39. Let n(d) = -8*c(d) - 5*y(d). Let v be n(h). Let i(j) = 4*j - 4. What is i(v)?
12
Let p(n) = -2*n. Let x be 2/(-2) - (13 - 16). Suppose o - x = -0. Suppose -o*a - 3 = y, -3*a - 2 = 4*y - 10. Calculate p(a).
8
Let k be (-1)/(-5) + 6/(90/627). Suppose 24*z - k = 31*z. Let v(p) = 3*p**3 - 4*p**2 + 6*p**2 - 2*p**3 + 4*p**2 + 1 + p. Determine v(z).
-5
Suppose -42*c - 12304 + 12430 = 0. Let s(q) = 2*q**2 + 3 - 3*q**3 - 2*q**3 + q + 4*q**3. Determine s(c).
-3
Let u be -20*65/26*80/125. Let n(j) = j**2 + 30*j - 59. What is n(u)?
5
Let i(z) = 5*z + 2. Let y = -4871 - -4876. What is i(y)?
27
Let v(x) = x**3 - 2*x**2 - 3*x - 3. Let c = -173 + 182. Let u be -2 + -1 - -2 - -5. Suppose -u*z + c = -z. Determine v(z).
-3
Let r = 153 + -118. Let s be (-3)/1 + r/5. Let z(o) = o. Determine z(s).
4
Suppose -25*r - 61 + 161 = -15*r. Let d(u) = 2*u + 22. What is d(r)?
42
Let o = 82 + -80. Let g(r) = 1 + o + 0*r - r + 2*r. Calculate g(5).
8
Let o = -432 - -465. Let w(n) = 24*n - 68*n + o*n. Calculate w(-2).
22
Let y(d) = d**3 + 7*d**2 - 4*d - 24. Let n be y(-7). Let v(r) = -2*r**3 + 2*r. Give v(n).
-120
Let q(n) = -n**3 - 8*n**2 - 9*n + 20. Let b be q(-6). Suppose -2*t - 8 = -5*f, 4*t - 11 + 3 = -b*f. Let u(k) = 2*k**2 - 2*k + 1. What is u(t)?
1
Let v(t) = 3*t**3 - 22*t**2 + 10*t + 2. Suppose 96 = -2*h + 94, 5*m = 4*h + 39. Determine v(m).
23
Let d(c) be the second derivative of c**5/20 + c**4/4 - c**3/3 + 3*c**2/2 - 4031*c. What is d(-4)?
-5
Let b(x) = 122*x - 416. Let f(n) = 187*n - 627. Let p(s) = 8*b(s) - 5*f(s). What is p(5)?
12
Let k be (-140)/14*3/(-5). Let n(b) = -k*b - 6 - b + 4*b + 4*b. Give n(8).
2
Suppose -10*b = b - 99. Let v(o) = -15*o + 130. What is v(b)?
-5
Suppose -9*h = 44 - 152. Suppose 35*x = -h + 47. Let o(p) = p + 1. Determine o(x).
2
Let b(q) = q**3 - 6*q**2 + 6*q + 3. Let i be (6 + 0)/((-1)/((49/(-14))/7)). Determine b(i).
-6
Let l(b) = -33 - b - 14 - 26 - 361*b**2 - b + 362*b**2. Determine l(-7).
-10
Let s(b) = b**3 - 25*b**2 - 52*b - 32. Suppose 621 = 291*w - 268*w. Calculate s(w).
22
Let q be -7 + (-25)/(-5) + 3 - -7. Let b(f) = -f + 26. What is b(q)?
18
Let c(h) be the first derivative of h**3/3 + 6*h**2 + 19*h + 1439. Give c(-3).
-8
Let i be (-4 - (18 + 4))/(-2). Let d = 15 - i. Suppose 5*a + 8 = 3*a + z, 0 = d*z. Let s(k) = k**2 + k. Calculate s(a).
12
Let c(b) = -b**2 - 38*b + 287. Let x be c(-44). Let v(o) be the first derivative of x - 1/2*o**2 - 3*o. Determine v(-7).
4
Suppose 3*j = 3*r - 21, 4*j = -0*r - r - 18. Let u(v) = -86*v**r - 1 + 87*v**2 - 15*v + 19*v. Calculate u(-6).
11
Let x be -10*((-90)/12 - -5). Let d(h) = -x + 7 - h + 12 + 0. Give d(5).
-11
Let b be 63 - (0 - 7 - -6). Let u(l) = 7*l - 4*l + b - 61 - 2*l. What is u(7)?
10
Let k(g) = 115*g**2 + 44*g - 44. Let h(u) = -43*u**2 - 15*u + 14. Let d(v) = -8*h(v) - 3*k(v). Calculate d(-9).
47
Let c(a) = a - 5. Suppose 5*l + 7*r = 4*r + 17, -r + 7 = 2*l. Suppose 8*b - 24 = -l*b. Suppose 0 = 4*w + 4*f - 12, -3*w + 5*f + 33 = -b*w. What is c(w)?
3
Let i(w) = -204 + 586*w + 606*w + 607*w - 1749*w. What is i(4)?
-4
Let z(i) = 4*i + 17. Let n(k) = 4*k + 4. Let c(q) = -7*q - 8. Let d(s) = 3*c(s) + 5*n(s). Let b(f) = 26*d(f) + 6*z(f). What is b(-6)?
10
Suppose 5*u - 10 = 0, -54 + 10 = -5*z + 3*u. Let k(l) = 7*l**2 - 7 - l**3 + 25*l - 5*l**2 - z - 10*l + 11*l**2. Determine k(14).
-3
Let i(v) = 3*v**3 - 21*v**2 + 12*v + 29. Let f(x) = 7*x**3 - 45*x**2 + 24*x + 57. Let p(z) = 2*f(z) - 5*i(z). Calculate p(14).
-3
Let n(w) = -5*w**2 + 51*w - 6. Let u be n(10). Let j(p) = -4*p**2 + 4*p - 5. Let s(c) = -c**2 - 2. Let i(b) = j(b) - 3*s(b). Give i(u).
1
Let f(d) = d - 1. Let l(g) = g**3 - 5*g**2 - 2*g + 12. Let o be 18/(-72)*(1 + -3)*10. Suppose o*q - 29 + 4 = 0. Let r be l(q). Give f(r).
1
Let z = 707 + -707. Let t(g) be the second derivative of -g**5/20 - g**4/12 - g**3/6 - 2*g**2 + 2*g - 1. Give t(z).
-4
Let c(g) = g - 5. Let b(u) = u**3 + 12*u**2 - 32*u + 4. Let z be b(-14). Let l be (6/(-4))/((-9)/z*2). Calculate c(l).
0
Let r(h) = h**3 - 10*h + 27. Suppose 11 = -8*f + 1 + 42. Determine r(f).
51
Let d(x) = 127*x**2 + 32*x + 201. Let w(y) = -32*y**2 + y - 1. Let n(c) = d(c) + 4*w(c). Calculate n(41).
-8
Let l(s) = -7*s + 0*s**2 + 4*s**2 - 3*s**2 + 1. Suppose -1520 = 6*n + 154. Let d = 284 + n. Calculate l(d).
-9
Let l(k) be the second derivative of -k**5/20 - k**4/6 + k - 302. Suppose -t - 4*a = -6, -4 - 8 = -2*t + a. Let m = -9 + t. Determine l(m).
9
Let r(b) = -b + 23. Let w be r(13). Suppose 2*c = -w, p - 2*p + c = -133. Let g(q) = 9 - 263*q + 132*q + p*q. Calculate g(6).
-9
Let k(p) = -2*p**2 + 73*p + 85. Let f(i) = 2*i**2 - 108*i - 121. Let l(c) = 5*f(c) + 7*k(c). Give l(-7).
-3
Let i(z) be the third derivative of 0 + 5/6*z**3 - 12*z**2 + 0*z + 1/24*z**4. Let v be i(4). Let k(w) = -w**2 + 10*w - 6. What is k(v)?
3
Let v be ((-3)/(-9))/(9/108). Let m(d) = 9 + 7 - d + 7 - v. Give m(8).
11
Suppose 17*z - 840 = 13*z. Suppose z = -b + 8*b. Let y(x) = 4*x + b - 30 + x**2. Determine y(-4).
0
Let q = 12 + 28. Let o = 44 - q. Suppose -5*n + 30 = -3*s, -3*n + o*s = -5*n - 14. Let i(t) = -t**3 + 2*t**2 + 3*t. What is i(n)?
0
Suppose 3*m - 14 = -a, 2*a - 2*m + 10 = 3*a. Let i be (-2 + a - 3) + -8 + 13. Let v(h) = h**2 - 3*h + 2. Determine v(i).
0
Let z = 14038 - 14057. Let s(i) = i**3 + 17*i**2 - 33*i + 38. What is s(z)?
-57
Let r be (-21)/(-9) + 1/(-3). Suppose 5*b = w - 2, -6 = -w - r*w + 2*b. Let p(f) = 9*f**2 - 3*f + 2. Determine p(w).
32
Let k(m) = 62*m + 7. Let s(o) = -806*o + 3226. Let q be s(4). Calculate k(q).
131
Let f(w) be the second derivative of -w**5/10 + w**4/4 + 2*w**3/3 + 3*w**2 - 413*w. Give f(-2).
26
Let v(c) = -c + 11. Let b be v(8). Let i(n) = 2*n + 1 - 3*n + 583*n**2 + n**b - 581*n**2. Give i(-3).
-5
Let w(q) = -q**3 + q**2 + 4. Suppose -13*s + 151 - 179 = s. Determine w(s).
16
Let w(r) be the second derivative of r**5/20 + 5*r**4/6 - 5*r**2/2 + r - 42. Determine w(-10).
-5
Let b(x) = x - 1. Let f(k) = -2*k - 3. Let n(i) = -5*b(i) + f(i). Let o(y) = 13*y - 3. Let r = 62 - 65. Let t(m) = r*o(m) - 5*n(m). Determine t(-6).
23
Suppose -9*g = -202 + 256. Let y(k) = -9*k**3 - 51*k**2 + 16*k - 8. Give y(g).
4
Suppose -3*m = -5*m + 41*m + 195. Let u(g) = -7*g**2 - 8*g - 9. Let w(x) = -x**2 - 1. Let q(d) = -u(d) + 6*w(d). Give q(m).
-12
Let k(w) = -w**3 + 12*w**2 - 11*w - 15. Let o be -6*-2*(-6)/(-24). Suppose 5*y = -2*q + 32, -12 = -o*q + q + 5*y. What is k(q)?
-15
Let c(w) = w + 1. Let y = -218 + 392. Let m = y - 168. Determine c(m).
7
Let p(r) = 48 + 922*r - 931*r + 52 - 140. Give p(-9).
41
Suppose 0*o - 17 = -4*a + 3*o, -3*o = -a + 2. Let c(h) = h + 295*h**2 - h**3 + 2*h - 139*h**2 - 5*h + 2 - 151*h**2. Calculate c(a).
-8
Let k(u) be the first derivative of -u**3/3 + 11*u**2 - 171*u + 92. Let d(w) be the first derivative of k(w). Determine d(8).
6
Let x = 509 - 516. Let m(n) = n**3 + 7*n**2 - 5*n - 14. Determine m(x).
21
Let x(p) = p**2 + 22*p + 114. Let i = 7919 - 7928. Calculate x(i).
-3
Let g(m) = 29*m**2 - m**3 + 4*m - 79*m**2 + 27*m**2 + 29*m**2 - 16*m + 17. Let j be g(5). Let h(y) = -y - 6. Determine h(j).
12
Let l(u) = 9*u**2 + 3*u - 1. Let k be (-4)/54 - (376/27 - 10). What is l(k)?
131
Let m(j) = j + 4. Let y be m(-11). Let p(r) = 2877*r**2 - 9*r - 7 + 16 - 14 - 2878*r**2. Give p(y).
9
Let p(x) = x**2 + x. Let l(d) = d**3 - 15*d**2 + 9*d - 4. Let k(v) = -v**2 + v. Let y(o) = -2*k(o) + l(o). Let z(w) = 3*p(w) + y(w). Let u = 90 - 81. Give z(u).
5
Let v = -3994 - -3998. Let f(h) = -h**3 + 5*h**2 - 3*h - 7. Determine f(v).
-3
Let i(a) = -3*a**2 - 3*a - 5. Let c